6 - -1) - (-8 + 2).
9
Evaluate 7 + -3 + 23 + -21 + 10.
16
Calculate 15 + -3 + 6 + -12.
6
3 - (0 - ((-4 - -3) + -3 + -14))
-15
Calculate (10 - (-12 + 15 - 3)) + -8.
2
Calculate 8 + -27 + -6 + -2.
-27
Calculate (-3 + 32 - 10) + -23 - (0 - 24).
20
What is the value of 18 + -4 + 15 + -4 - (0 + 5)?
20
What is 16 + -4 + 13 + -13?
12
31 + -17 + 6 + -29
-9
What is 13 - (17 + (13 - 22))?
5
Calculate 829 + -793 + -42 + -2.
-8
Evaluate -24 + 1 - (7 - (6 - -10)).
-14
What is 23 - 0 - (7 + (-6 - 2))?
24
Evaluate -7 + -19 + 29 + -6.
-3
-13 - 0 - -4 - (-316 + 314)
-7
Calculate -12 - (-5 - (-4 - (2 - -2 - 6))).
-9
What is the value of 29 + 14 + -20 + -13?
10
Evaluate -19 + 5 + (0 - 4) + 52 + -54.
-20
Evaluate -30 + 19 + -2 + 34.
21
Calculate (-65 - -56) + (2 - -10) + (-7 - -2).
-2
What is the value of (-424 + 421 - (1 + -4)) + 35?
35
Evaluate 28 - (-23 + 47) - (37 + 3 + -1).
-35
Calculate (2 - (-1 - 3 - -1)) + 7 + -2.
10
Evaluate 2 + 7 + -7 - (-7 + 11 - -31).
-33
What is the value of 10 + 3 + -34 - -16?
-5
What is -27 + -5 + 12 + -5 + 1?
-24
What is -4 - (9 + (11 - 3) + -5 + -17)?
1
29 + (21 - (7 - -24))
19
What is (-35 - (69 + -80)) + 11 + 0?
-13
5 - ((2 - -40) + (10 - 25))
-22
What is the value of (350 - 391) + (0 - (1 - 11))?
-31
Calculate -37 - (38 + -50 + -11).
-14
Calculate (5 - 12 - -3) + -1 + (3 - -1).
-1
Calculate -86 - -84 - (24 - -4 - -3).
-33
What is (-17 - -3) + 2 + -3?
-15
What is (8 - 14) + 0 - 0 - (-1 + 8)?
-13
Calculate -11 + (6 - 1 - (51 + -30 + -20)).
-7
Evaluate -16 + 22 - (-7 - 1 - 2).
16
15 - ((-20 - -13 - 2) + 5)
19
Evaluate -9 + -1 + -2 + (-1 - -9).
-4
What is the value of (0 + -14 - -9) + 9 - -1?
5
What is the value of 5 - (-4 - -2 - ((0 - 1) + 1))?
7
Calculate -11 + (2 - (4 + -7)).
-6
What is the value of (-23 - (0 - -13)) + 16?
-20
What is (7 - -2) + (-3 + 5 - 13)?
-2
What is (0 - (5 - -1 - 9) - 4) + 8?
7
What is -3 + 3 + 2 - -15 - (2 + 3)?
12
-5 + 22 + (155 - 156)
16
26 + 9 + -26 - 16
-7
Calculate -4 + 1 + 24 - (-9 + -3 + 14).
19
Calculate -144 - -160 - (0 + 12).
4
What is the value of 6 + -8 - (0 - 12) - (-5 + 12)?
3
What is (-1 - 16) + 4 + (2 - (-4 + 3))?
-10
Evaluate 415 + -417 - (3 - 19).
14
Evaluate -44 - -19 - (57 + -53).
-29
What is -1 - (-30 - 13 - -21)?
21
Evaluate -6 + ((-2 - -5) + -2 - (25 - 20)).
-10
What is 34 + (-89 - 6) + 32?
-29
What is -15 + 17 - (-10 + 1)?
11
19 + -32 + 2 + 21
10
What is the value of (-3 - (-2 - -7 - -8 - 9)) + -5?
-12
What is the value of (-3 - -2) + (3 - (7 - 6)) + -5?
-4
What is (-59 - -66) + (-3 + 1 - -2)?
7
What is the value of -4 + 10 + 1 - (1 + -17)?
23
What is 13 - (9 + -1) - (-1 + -1)?
7
What is (-3 - -11) + 1 + -8 + 1 - 12?
-10
Calculate (21 - 53) + 1 + 16.
-15
Evaluate 2 + (2 + 2 - -3) + 5 + -7.
7
What is the value of (5 - 3) + 3 + 6 + (6 - 7)?
10
694 - 688 - (-2 - (2 + 1 + -1))
10
Calculate -2 + 10 + 12 + -12.
8
(1 + -9 - 4) + 21
9
What is the value of (13 - 7) + (1 - 11) + 0 + 7?
3
Evaluate 21 - (72 + -11) - -28.
-12
Calculate (-2 - 14) + (178 - 177).
-15
Calculate -16 + 6 + (-1 + 9 - (24 + -18)).
-8
What is the value of 0 - (3 + -3) - (33 - (16 + -4))?
-21
What is the value of 0 - 8 - (5 + (-3 - (36 + -16)))?
10
-2 + 1 + 10 + 4
13
Calculate (-1 - -3) + (-2 - -3) - (-203 + 207).
-1
What is the value of -77 + 86 + -8 + 9 + -4?
6
2 + -11 + 20 - 7
4
Calculate -40 - (-78 - (-6 - 21)).
11
Calculate (-2 - -2) + -8 + (7 - 11).
-12
Evaluate -9 + 5 + -3 + 0 + 3.
-4
Evaluate 10 + -4 - 3 - (26 - 6 - 3).
-14
-7 - ((-17 - -5) + -23) - -2
30
-29 + -9 + 16 - -11
-11
Evaluate 2 - (30 - 2) - (168 - 177).
-17
What is the value of -5 - (0 + 47 - (-13 + 31))?
-34
3 + -1 - -3 - (16 - (-7 + 6))
-12
0 + 3 + -61 + 61 + -12
-9
3 - (-8 + 10 + (-4 - 5 - -5))
5
Evaluate 9 - 16 - (-3 - -8).
-12
Evaluate -1 + -48 - -19 - -11.
-19
Calculate 4 + (-4 - -3) - (0 - 7).
10
Evaluate -12 - (12 - -9) - -12.
-21
2 + (24 - 14) + -9
3
36 - (40 + 27 + -38)
7
-2 - 12 - (-4 - 8) - 2
-4
Calculate (-2 - 20) + (9 + -38 - -35).
-16
Calculate -28 + 28 + -17 - (-15 + 1).
-3
Calculate 130 - 111 - (-13 - -22 - (-5 + 2)).
7
Evaluate 132 - 106 - (4 - -6).
16
Evaluate 0 + -7 + 12 + (-1 - 3) + 7.
8
Calculate 3 - (-20 + 15) - 15.
-7
-6 + (6 - 3 - -1) - -4
2
Evaluate -12 + 1 + (-3 - -4) + 6 + 1.
-3
Calculate 4 + 3 + -6 - (-84 + 48).
37
What is -13 + 32 - 5 - 11?
3
What is (-11 - 19) + 15 + 3?
-12
What is the value of 32 + (-30 + 57 - 69)?
-10
Calculate 14 + -28 - (2 + 2) - (-3 - -2).
-17
What is -49 + (41 - 16) + 28?
4
Calculate -2 - (-1 + (-19 - -2)).
16
Evaluate 2 - (9 + (0 - 0)) - (2934 + -2930).
-11
58 - 66 - (-2 - -4 - 13) - 6
-3
13 - 26 - (-37 - -22)
2
Calculate (6 - -1) + (13 - 6) + -13.
1
Calculate -36 + (24 - 4) + 4.
-12
What is 4 + 32 + 7 + -20 + -2 + 6?
27
What is the value of 3 + (4 + -2 - -2) + 0?
7
What is the value of 84 - 67 - (-1 + 14)?
4
What is the value of (-3 - 0) + (32 + 3 - -8) + -10?
30
What is 10 - (1 - 7) - 24?
-8
Evaluate (-1 - 0) + -36 + 41 - (2 + 0).
2
What is 5 + (15 - (41 - 32))?
11
Calculate -1 + (2 - (8 + -2 + 3)) + 3.
-5
What is 34 - 43 - (-3 - (1 + -2))?
-7
What is the value of -8 + (4 - -15) + -21 + 1?
-9
What is 6 + -11 - (-1 + 2) - -6?
0
What is the value of -6 - (-6 + 7 + -1)?
-6
Calculate 0 + 1 + -13 + 26 + -7 - 10.
-3
What is the value of -1 + -2 + 2 + (-41 + -3 - -18)?
-27
Calculate (7 - -15 - 12) + -11.
-1
Evaluate 8 - (68 + -27) - -28.
-5
(-7 - -2) + -64 + 31 + 29
-9
Calculate (12 - 0) + (8 + -16 - -2).
6
Evaluate (15 - (6 - (6 - 5)) - -8) + 0.
18
What is the value of -1 + 1 + (156 - 177)?
-21
What is the value of (8 - (-6 + 2) - 7) + -2 + 8?
11
Evaluate (6 - 21) + -7 - (1 - -2 - 3).
-22
What is the value of (168 + -179 - (-9 + 0) - -2) + 32?
32
Evaluate -13 + (8 - -8) - 14 - (-1 + -7).
-3
-4 - -11 - 9 - (3 + -4 - -19)
-20
What is the value of 9 + (3 - 3) + 2 - (103 + -97)?
5
What is 1 - -5 - (-23 - -44 - 24)?
9
(-4 - 6) + -1 + 45 + -45
-11
What is -24 - ((15 - 25) + -11)?
-3
-17 - -18 - (-4 - (-5 - (-11 - 4)))
15
What is (2 - 4) + -5 + 13 + -10?
-4
What is -7 - ((14 - 18) + -15)?
12
What is the value of (-35 - -1) + (-2195 - -2208)?
-21
Calculate -2 + -12 + 12 - -13.
11
What is 13 - (-25 - (-17 + -10 + 17))?
28
Calculate -30 + 12 + -14 + 37.
5
Calculate 10 + (5 - ((-10 - (-6 - 4)) + -5)).
20
What is 4 - (3 + (-1 - (15 - 5))) - 2?
10
What is the value of -54 + 7 + 35 + 38?
26
-12 - (-20 - (7 + -17))
-2
-6 - (14 + (-5 - -10) + -10)
-15
8 - (7 + (2 - (7 + -1)))
5
What is the value of 8 + (5 - 15) - 3?
-5
Evaluate 2 - 3 - -32 - 17.
14
What is -22 + (2 + 7 + -4 + -4 - 9)?
-30
Evaluate 10 + (-10 - 0) - (11 + 4).
-15
(4 - -16 - -6) + 0
26
What is the value of -32 + -41 + 108 + -30?
5
1 + (-21 - (-13 + 3 + -1))
-9
Evaluate -42 + 46 - (-2 - 11).
17
What is the value of -3 - (-6 + -10 + -11 + -3)?
27
What is -4 + -5 + (-13 - -28)?
6
Evaluate 8 - -13 - (25 + -30 - (1 + -7)).
20
What is the value of (0 - -10) + (71 - 85)?
-4
Evaluate -21 + (37 - (56 + -21)).
-19
What is -19 + 31 + -6 - -24?
30
What is the value of 5 - (-34 - -5 - -28)?
6
What is -1 + -16 + 239 + -226?
-4
What is the value of 17 + (10 + -20 - (0 + -5))?
12
Evaluate 0 - (-12 + (16 - 20)).
16
-2 - (4 + (-3 - 10) + (34 - 25))
-2
(13 - (6 + 6)) + -7 - -12
6
What is -5 - (-9 + 3 + 0)?
1
Calculate (0 - -1) + (-12 + 2 - (-3 - 15)).
9
Evaluate -3 - (-14 + 15 + 8).
-12
Evaluate -7 - (-38 + 30 - (0 - 6) - -7).
-12
Evaluate -6 + (40 + -31 - (7 - (-3 + 7))).
0
Calculate (2 - (-4 + -2 + 6 - 4)) + -4.
2
What is the value of -9 + -1 + (5 - 27) + 20?
-12
What is the value of -10 + -7 - -9 - -9 - 4?
-3
Calculate -9 - (23 - 10 - 28) - -19.
25
-29 + 57 + -61 + 7
-26
What is the value of 6 + -106 + 77 + 11 + -1?
-13
What is the value of (-25 - (-10 - 4)) + -5 + 14?
-2
Calculate -9 - (-3 + 0 + 4 + -4 + 2).
-8
Calculate 10 + (-11 - (-16 + (25 - 11))).
1
Evaluate (2 + -3 - (18 + -26) - -12) + -6.
13
What is (-9 - -1) + -5 - -2 - (-17 - -2)?
4
What is (-189 - -173) + 1 + 25?
10
(-85 - -81) + (1 - 8)
-11
What is the value of (-135 - -119 - (-2 + 0)) + -12?
-26
Evaluate 12 - (10 - -6) - -11.
7
Evaluate 22 - (1 + 1) - (-46 + 55).
11
Evaluate (6 - -3) + 112 + -117 + 2 + -15.
-9
Evaluate 0 + (1 - 4) + -2 + (2 - 8).
-11
3 + -9 + 4 + 8 + -3 - 0
3
(2 + 9 - -32) + -31
12
Calculate 3 - 0 - (3 - 6 - (-15 + 19)).
10
What is 687 - 706 - (1 - 57)?
37
Calculate 23 - (3 + 32) - 